{"id":784,"date":"2018-08-29T22:19:07","date_gmt":"2018-08-30T01:19:07","guid":{"rendered":"https:\/\/isfd108-bue.infd.edu.ar\/sitio\/carreras\/"},"modified":"2019-06-24T19:50:54","modified_gmt":"2019-06-24T22:50:54","slug":"carreras","status":"publish","type":"page","link":"https:\/\/isfd108-bue.infd.edu.ar\/sitio\/carreras\/","title":{"rendered":"Carreras"},"content":{"rendered":"<p><strong><span style=\"font-family: arial, helvetica, sans-serif; font-size: 12pt;\">En nuestro Instituto se pueden cursar las siguientes carreras:<\/span><\/strong><\/p>\n<p><span style=\"font-family: arial, helvetica, sans-serif; font-size: 12pt;\"><a title=\"Profesorado de Educaci\u00f3n Inicial\" href=\"index.cgi?wid_item=27&amp;wid_seccion=24\">Profesorado de Educaci\u00f3n Inicial<\/a><\/span><\/p>\n<p><span style=\"font-family: arial, helvetica, sans-serif; font-size: 12pt;\"><a title=\"Profesorado de Educaci\u00f3n Primaria\" href=\"index.cgi?wid_item=28&amp;wid_seccion=24\">Profesorado de Educaci\u00f3n Primaria<\/a><\/span><\/p>\n<p><span style=\"font-family: arial, helvetica, sans-serif; font-size: 12pt;\"><a title=\"Prof. de Ed. Especial (Discapacidad Intelectual)\" href=\"index.cgi?wid_item=46&amp;wid_seccion=24\">Profesorado de Educaci\u00f3n Especial (Discapacidad Intelectual)<\/a><\/span><\/p>\n<p><span style=\"font-family: arial, helvetica, sans-serif; font-size: 12pt;\">Profesorado de Educaci\u00f3n Especial (Sordos e Hipoac\u00fasicos)<\/span><\/p>\n<p><span style=\"font-family: arial, helvetica, sans-serif; font-size: 12pt;\"><a title=\"Profesorado de Biolog\u00eda\" href=\"index.cgi?wid_item=49&amp;wid_seccion=24\">Profesorado de Biolog\u00eda<\/a><\/span><\/p>\n<p>&nbsp;<\/p>\n","protected":false},"excerpt":{"rendered":"<p>En nuestro Instituto se pueden cursar las siguientes carreras: Profesorado de Educaci\u00f3n Inicial Profesorado de Educaci\u00f3n Primaria Profesorado de Educaci\u00f3n Especial (Discapacidad Intelectual) Profesorado de Educaci\u00f3n Especial (Sordos e Hipoac\u00fasicos) Profesorado de Biolog\u00eda &nbsp;<\/p>\n","protected":false},"author":143,"featured_media":0,"parent":0,"menu_order":0,"comment_status":"closed","ping_status":"closed","template":"","meta":[],"acf":[],"_links":{"self":[{"href":"https:\/\/isfd108-bue.infd.edu.ar\/sitio\/wp-json\/wp\/v2\/pages\/784"}],"collection":[{"href":"https:\/\/isfd108-bue.infd.edu.ar\/sitio\/wp-json\/wp\/v2\/pages"}],"about":[{"href":"https:\/\/isfd108-bue.infd.edu.ar\/sitio\/wp-json\/wp\/v2\/types\/page"}],"author":[{"embeddable":true,"href":"https:\/\/isfd108-bue.infd.edu.ar\/sitio\/wp-json\/wp\/v2\/users\/143"}],"replies":[{"embeddable":true,"href":"https:\/\/isfd108-bue.infd.edu.ar\/sitio\/wp-json\/wp\/v2\/comments?post=784"}],"version-history":[{"count":1,"href":"https:\/\/isfd108-bue.infd.edu.ar\/sitio\/wp-json\/wp\/v2\/pages\/784\/revisions"}],"predecessor-version":[{"id":952,"href":"https:\/\/isfd108-bue.infd.edu.ar\/sitio\/wp-json\/wp\/v2\/pages\/784\/revisions\/952"}],"wp:attachment":[{"href":"https:\/\/isfd108-bue.infd.edu.ar\/sitio\/wp-json\/wp\/v2\/media?parent=784"}],"curies":[{"name":"wp","href":"https:\/\/api.w.org\/{rel}","templated":true}]}}